115 and 10971.
23
Calculate the greatest common divisor of 1984 and 62.
62
What is the highest common factor of 81 and 999?
27
What is the greatest common divisor of 350 and 3430?
70
Calculate the highest common factor of 46207 and 98.
49
Calculate the greatest common divisor of 209 and 133.
19
Calculate the highest common factor of 3 and 33.
3
Calculate the highest common divisor of 78 and 91.
13
What is the greatest common factor of 9330 and 30?
30
Calculate the highest common factor of 120 and 228.
12
What is the highest common factor of 36 and 1404?
36
What is the highest common divisor of 1109 and 7?
1
What is the greatest common divisor of 6 and 2194?
2
Calculate the greatest common divisor of 32 and 1792.
32
What is the greatest common factor of 260 and 4?
4
What is the greatest common factor of 35 and 805?
35
Calculate the highest common factor of 42 and 66.
6
Calculate the greatest common divisor of 28750 and 92.
46
Calculate the highest common factor of 64 and 32.
32
Calculate the highest common factor of 52 and 8.
4
Calculate the greatest common divisor of 152 and 760.
152
Calculate the greatest common divisor of 1190 and 130.
10
Calculate the highest common divisor of 2770 and 2.
2
What is the greatest common divisor of 77 and 187?
11
Calculate the greatest common factor of 42 and 238.
14
Calculate the highest common factor of 8791 and 59.
59
What is the highest common divisor of 35 and 15?
5
What is the greatest common factor of 72000 and 100?
100
What is the greatest common divisor of 492 and 12?
12
What is the highest common divisor of 1445 and 340?
85
Calculate the highest common divisor of 14952 and 28.
28
What is the greatest common divisor of 68 and 1343?
17
Calculate the greatest common divisor of 18 and 234.
18
Calculate the greatest common factor of 37 and 2627.
37
Calculate the greatest common divisor of 19904 and 192.
64
What is the highest common divisor of 200 and 9800?
200
Calculate the highest common factor of 60 and 480.
60
What is the highest common factor of 70585 and 95?
95
What is the highest common divisor of 5 and 340?
5
Calculate the greatest common factor of 21 and 1407.
21
What is the greatest common divisor of 1756 and 8?
4
What is the highest common factor of 854 and 366?
122
What is the highest common divisor of 12 and 1236?
12
Calculate the greatest common factor of 154 and 42.
14
Calculate the highest common divisor of 5920 and 320.
160
What is the greatest common factor of 12382 and 3322?
302
Calculate the greatest common factor of 246 and 42.
6
What is the greatest common factor of 299 and 221?
13
Calculate the highest common divisor of 118 and 1121.
59
What is the greatest common factor of 2652 and 21?
3
Calculate the highest common factor of 132 and 99.
33
What is the highest common divisor of 5607 and 126?
63
What is the highest common factor of 49 and 7693?
49
What is the highest common divisor of 96 and 5216?
32
What is the highest common divisor of 11819 and 53?
53
Calculate the greatest common divisor of 52 and 325.
13
Calculate the greatest common factor of 2 and 208.
2
What is the greatest common divisor of 34 and 442?
34
Calculate the highest common factor of 528 and 60.
12
What is the highest common divisor of 17993 and 57?
19
Calculate the greatest common divisor of 2350 and 25.
25
What is the greatest common divisor of 124 and 434?
62
Calculate the highest common divisor of 2140 and 4.
4
What is the greatest common divisor of 33 and 99?
33
What is the greatest common factor of 165 and 627?
33
What is the greatest common divisor of 4 and 2246?
2
Calculate the highest common divisor of 236 and 8.
4
What is the highest common factor of 128 and 45248?
64
Calculate the highest common factor of 2413 and 38.
19
Calculate the greatest common divisor of 410 and 7052.
82
What is the greatest common divisor of 621 and 54?
27
What is the greatest common factor of 6773 and 13?
13
Calculate the greatest common factor of 21 and 59073.
21
What is the greatest common factor of 28 and 2114?
14
What is the highest common divisor of 133 and 119?
7
Calculate the greatest common divisor of 10 and 1270.
10
What is the highest common divisor of 30 and 54?
6
What is the greatest common divisor of 20 and 70?
10
Calculate the greatest common factor of 64 and 1600.
64
What is the highest common divisor of 2292 and 24?
12
What is the highest common factor of 399 and 1512?
21
Calculate the highest common factor of 7763 and 7.
7
What is the highest common factor of 196 and 15533?
49
Calculate the highest common factor of 23 and 69.
23
Calculate the greatest common factor of 112 and 56.
56
Calculate the greatest common factor of 153 and 36.
9
Calculate the highest common factor of 4 and 92.
4
What is the highest common divisor of 18 and 8226?
18
What is the highest common divisor of 6148 and 318?
106
What is the highest common divisor of 972 and 13284?
324
What is the highest common divisor of 25 and 95?
5
What is the highest common factor of 1148 and 2501?
41
Calculate the highest common factor of 636 and 20.
4
What is the highest common divisor of 17 and 527?
17
What is the highest common divisor of 510 and 3750?
30
Calculate the greatest common divisor of 13 and 12350.
13
What is the highest common divisor of 128 and 8?
8
What is the greatest common factor of 33 and 3?
3
Calculate the greatest common divisor of 456 and 16264.
152
What is the highest common divisor of 990 and 234?
18
What is the highest common divisor of 165 and 30?
15
Calculate the highest common factor of 6 and 1758.
6
Calculate the highest common divisor of 1650 and 1800.
150
Calculate the greatest common factor of 660 and 17292.
132
Calculate the greatest common factor of 133 and 35.
7
What is the greatest common factor of 8767 and 66?
11
Calculate the highest common factor of 638 and 242.
22
Calculate the highest common divisor of 86 and 12255.
43
What is the highest common factor of 222 and 148?
74
Calculate the greatest common divisor of 315 and 18.
9
What is the greatest common divisor of 292 and 803?
73
Calculate the highest common factor of 861 and 21.
21
Calculate the greatest common factor of 1551 and 423.
141
What is the highest common factor of 2460 and 420?
60
Calculate the highest common divisor of 16 and 14.
2
What is the highest common factor of 308 and 224?
28
Calculate the highest common factor of 4 and 76.
4
What is the highest common divisor of 327 and 21037?
109
What is the highest common factor of 22 and 341?
11
What is the greatest common divisor of 95 and 1577?
19
What is the highest common divisor of 69 and 41469?
69
What is the greatest common divisor of 63 and 117?
9
Calculate the greatest common divisor of 290 and 10.
10
What is the greatest common divisor of 168 and 1911?
21
Calculate the highest common factor of 204 and 1122.
102
What is the highest common divisor of 6 and 1338?
6
What is the highest common divisor of 328 and 16?
8
Calculate the greatest common divisor of 50 and 4775.
25
What is the greatest common factor of 75 and 165?
15
What is the highest common divisor of 583 and 11?
11
What is the greatest common factor of 48 and 3552?
48
Calculate the greatest common divisor of 147 and 3.
3
What is the greatest common divisor of 399 and 469?
7
What is the greatest common divisor of 3294 and 54?
54
What is the greatest common divisor of 28 and 252?
28
What is the greatest common divisor of 27 and 17?
1
Calculate the greatest common factor of 1600 and 16.
16
What is the greatest common divisor of 1677 and 344?
43
What is the highest common factor of 48 and 648?
24
Calculate the greatest common factor of 153 and 187.
17
Calculate the greatest common divisor of 384 and 24.
24
What is the highest common factor of 156 and 598?
26
Calculate the greatest common factor of 22 and 68728.
22
Calculate the greatest common factor of 216 and 24.
24
What is the highest common factor of 150 and 8475?
75
What is the greatest common factor of 57 and 57?
57
Calculate the highest common divisor of 69 and 84.
3
What is the greatest common divisor of 8 and 296?
8
What is the greatest common factor of 210 and 651?
21
What is the highest common factor of 144 and 384?
48
Calculate the highest common divisor of 86 and 9804.
86
Calcu